-30)/(-8) + 1/s?
4
Let d(p) = -28*p - 2. What is the tens digit of d(-1)?
2
Suppose 3*u + 4*v - 279 = 82, -4*u - 2*v + 488 = 0. What is the hundreds digit of u?
1
Suppose -6*v + 472 = -158. What is the units digit of v?
5
Let j be (4 + -1)/((-15)/10). Let y = j + 6. What is the units digit of (2/y)/(1/6)?
3
Let b be (21/(-5))/((-7)/35). Suppose 2*m - 87 + b = 0. What is the tens digit of m?
3
Let l(r) = -3*r + 60. What is the hundreds digit of l(-26)?
1
Let k(t) = -t**3 + 9*t**2 + t + 1. What is the tens digit of k(9)?
1
Suppose 4*w - 34 - 30 = 0. Suppose 0*h - w = 4*h. What is the units digit of 52/14 - h/14?
4
What is the tens digit of 26 - (-1 + 4 + 0)?
2
Suppose 4*n + 16 = 64. Suppose -15 = -4*i + 5. What is the units digit of (n/10)/(1/i)?
6
Let o = 5 - 4. Let v(q) = 2*q**3 + q**2 - q + 1. Let a be v(o). Suppose -a*y + 14 = f, 3*y - 4*f - 2 = 2. What is the units digit of y?
4
Suppose 5*i + 2*n = 7 + 1, 2*i = -4*n. Suppose -14 = -i*d + 2*t + 2*t, 3*t + 9 = 0. What is the units digit of d + -1 - 0 - -6?
6
Suppose -345 = -6*s + 3*s. What is the tens digit of s?
1
Suppose -5*c + 17 = 2*g - 20, 0 = 5*g + c - 35. What is the units digit of g?
6
Let l = -6 - -8. Suppose l*t = a - 0*a + 45, -5*a + 111 = 4*t. What is the units digit of t?
4
Let c = -16 - -26. Suppose -c = -4*h + 2*h. Suppose -4*b = -h*w - 2 - 41, 4*b + 2*w = 78. What is the units digit of b?
7
Let i(k) = -k - 1. Let m be i(-5). Let v(u) = -u**3 + 3*u**2 + 5*u + 2. What is the units digit of v(m)?
6
Suppose 3*w - 588 = -3*o + 2*o, -w - 4*o = -207. What is the units digit of w?
5
Suppose 2*b - 5 - 1 = 0. Suppose 0 = -2*k, 18 = 4*t - t - b*k. Let c = t + 0. What is the units digit of c?
6
Let k = 17 - 6. Suppose -3*o + 4*o = k. What is the tens digit of o?
1
Let p(n) = 3*n**2 - 4*n - 7. What is the tens digit of p(-2)?
1
Suppose 6*d - 20 = d. Suppose 0 = d*z - 3*r - 108, -2*r - 56 = -z - z. What is the units digit of z?
4
Let y = 333 + -194. Suppose -3*l + y + 5 = 0. What is the tens digit of l?
4
What is the units digit of (-10)/(-25) + 426/10?
3
Let f(z) = -z**3 + 4*z**2 + 12*z - 14. Let i(m) = -5*m**3 + 19*m**2 + 60*m - 69. Let q(p) = -11*f(p) + 2*i(p). What is the tens digit of q(8)?
4
Let x = 2 + 13. What is the tens digit of x?
1
Let n be (-5)/25 - 42/(-10). Let l be ((-1)/(-2))/(2/n). Suppose 3*a + 2*i - 6*i = -l, -a - 2 = -3*i. What is the units digit of a?
1
Suppose 5*n = -3*t + 7*t - 119, -45 = 2*n + t. Let d = 32 + n. Let k = d - 0. What is the units digit of k?
9
Let z(s) = s**3 - 10*s**2 - 10*s - 11. Let n(l) = l**2 + 4*l + 6. Let v be n(-5). Let t be z(v). Suppose -3*q - 1 + 16 = t. What is the units digit of q?
5
Let z(s) = -s + 4. Let h be z(-5). Suppose 0 = -5*o + 13 - 3. Suppose 4*m = 3*c - 27, -o*m = 5*c - 28 + h. What is the units digit of c?
5
Let y(i) = -i**3 + 18*i**2 + 24*i - 27. What is the units digit of y(19)?
8
Suppose 30 = -h + i, -i = 5*h - 2*i + 146. Let j be 2/4*0 + 50. Let y = h + j. What is the units digit of y?
1
Suppose -4*y + 36 = -4*k, y + 3*y - 3*k - 40 = 0. Suppose 0 = -2*d - y + 1. What is the tens digit of (4/d)/((-2)/39)?
1
Suppose 0*x = 3*x + 12. Let u(l) = -4*l**2 + 5*l**2 - l - 2*l + 5*l. What is the units digit of u(x)?
8
Suppose -3*a + 2*n = 4, -2*n + 25 = 3*n. Let u be 25/(2/4*a). Suppose 0*x = 5*x - u. What is the units digit of x?
5
Suppose d = -3*j - 11, 2*j + 11 + 8 = -3*d. What is the units digit of 31 - j - (0 + -2)?
5
Suppose -99 = 2*p - 3*p - 5*n, -2*p = 3*n - 184. What is the units digit of p?
9
Let t = 31 - -139. What is the hundreds digit of t?
1
Let v be ((-12)/18)/(4/(-30)). Suppose 0 = v*d - 2*w + 7*w - 85, -34 = -2*d + w. What is the tens digit of d?
1
Suppose h + 3 = z + 6, -4*z - 27 = h. Let m be z*(11/(-2) - -2). What is the units digit of m/35*(-15)/(-1)?
9
Let m = -19 - -20. Suppose 3*v - 19 = 2*s, 2*s = -0*s + 8. What is the units digit of ((-12)/v)/(m/(-3))?
4
Suppose -r + 4*r - 38 = -o, -5*r = -3*o - 82. Let m = r + -12. What is the units digit of m?
2
What is the tens digit of 18/(-1 + 10/6)?
2
Let s(p) be the second derivative of -p**6/360 + p**5/24 - p**4/6 + p**3/3 + 2*p. Let y(b) be the second derivative of s(b). What is the units digit of y(3)?
2
Let i be ((-1)/(-3) + -1)*-3. Suppose -i*y - 3*y + 45 = u, -y - u + 13 = 0. Let a = y + -5. What is the units digit of a?
3
Suppose 4*m = 11 + 5. Suppose 1 = -4*g - 5*l, 4*g + m*l + 8 = 2*g. What is the units digit of 3 - (-4)/g*3?
5
Let a = 68 + -51. What is the tens digit of a?
1
Let o(a) = a**3 - 4*a**2 + a + 4. Let v be o(3). Let w = v + 3. What is the units digit of w?
1
Suppose -4*u + 23 + 273 = 0. What is the tens digit of u?
7
Let u = -7 - -6. Let i be 10*u/(6/(-9)). Suppose -y - 54 = -5*o - 3*y, o - y = i. What is the units digit of o?
2
Suppose -3*t - 5*k = -81, 5*t - 125 = -8*k + 3*k. Suppose -h + t = h. What is the tens digit of h?
1
Suppose 7*c - 64 = -c. Let h = 1 - -13. Let m = h - c. What is the units digit of m?
6
Suppose 4*f + 2 = 5*f. Suppose v = -a + f*a + 21, 3*a = -3*v + 69. What is the tens digit of v?
2
Let j(o) = 2*o**2 - o**2 + 1 + 3 + 14. What is the tens digit of j(0)?
1
Let k(b) = -b - 2. Let x be k(-4). What is the units digit of 2 + -3 + (x - -3)?
4
Suppose 5*o + 5*d - 50 = 60, 5*d = -2*o + 29. Suppose 0 = -2*f + q + 2, -4*q = 5*f - q - o. What is the units digit of f?
3
Let o(k) = -k**3 + 5*k**2 + 7*k - 1. Let c be o(6). Suppose 0 = i - 19 + c. Let p = 21 - i. What is the units digit of p?
7
Let r(w) = -8*w - 8. Let f(h) = -7*h - 9. Let t(s) = -6*f(s) + 5*r(s). What is the units digit of t(12)?
8
Suppose 3*v - 117 = 30. What is the units digit of v?
9
Let q(x) = 3*x. Let j be q(1). Suppose -2*n = -j*n + 18. What is the units digit of 4*3/n*3?
2
Let o(t) = t**2 + 3*t + 3. Suppose 0 = 2*i + 5*c, 2*i + 2*c = -0*i - 6. Let s be o(i). Suppose 5*d = s + 27. What is the units digit of d?
8
Suppose z + 2*z - 12 = 0. Suppose -z*k + 271 = -o + 86, 0 = -5*k + 5*o + 220. What is the tens digit of k?
4
Suppose 0 = 3*m - w - 13, m + 13 = -0*m - 4*w. Suppose 15 = 2*c + m*c. Suppose -2*i = 5*s - c*s - 44, 4*i - 84 = -2*s. What is the tens digit of i?
2
Let m(y) = -2*y - 2. Let z be 12/(-18) + (-4)/(-6). Let k(i) = -i**2 - 4. Let h be k(z). What is the units digit of m(h)?
6
Let d be ((-32)/12)/(2/(-15)). What is the units digit of d/(-6)*12/(-8)?
5
Let m(s) = s**2 + s - 13. Let g be m(0). Let t = g - -23. What is the units digit of t?
0
Let a(g) = -2*g**3 + 14*g**2 + g - 6. What is the units digit of a(7)?
1
Let f = -13 + 18. Suppose 36 = 2*m + f*d + 4, m = -5*d + 26. What is the units digit of m?
6
Suppose 247 - 77 = 5*t. What is the tens digit of t?
3
Let s = -14 + 17. What is the units digit of -2*s/(6/(-40))?
0
Suppose 73*x = 69*x + 420. What is the tens digit of x?
0
Suppose -l = -v - 39, -l - 2*v = -4*v - 39. What is the units digit of l?
9
Let q(c) be the third derivative of c**4/6 + c**3 - 4*c**2. What is the tens digit of q(8)?
3
Suppose 4 - 19 = -5*h. Suppose -1 + h = o. What is the units digit of o?
2
Let w = -6 + 3. Let b(y) = y - 1. Let r(o) = -6*o - 2. Let n(m) = w*b(m) + r(m). What is the units digit of n(-1)?
0
Let d(k) = -k - 5. Let p be d(5). Let x be (2 - (-16)/p)*-10. What is the units digit of ((-2)/x)/(4/48)?
6
Suppose 5 = -3*a + 8. Suppose -4*f - a + 13 = 0. What is the units digit of -1 + f - (-6 - -4)?
4
Suppose -5*u + y - 30 = 0, -2*u - 10 = -5*y + 25. Let f(r) = -r - 5. Let b be f(u). Suppose b = 7*z - 2*z - 10. What is the units digit of z?
2
Suppose 2 - 7 = -5*i + c, -i + 12 = 2*c. What is the units digit of i?
2
What is the units digit of (7498/(-115))/((-4)/10)?
3
Suppose 3*v + v - 20 = 0. Let f(h) = -h. Let a(m) = m**2 - 13*m + 5. Let l(r) = -a(r) + 6*f(r). What is the units digit of l(v)?
5
Suppose 3*c - 20 = 8*c, 630 = 2*r - 4*c. What is the units digit of r?
7
Suppose 4*n - 17 = -5. Suppose 0 = n*i + 3*w + 12, 3*i - 3 - 5 = w. What is the units digit of i?
1
Suppose 0 = 3*j - 67 - 221. Suppose 5*p - p = j. What is the units digit of p?
4
Suppose w = 3*b - 0*w - 119, -4*b + 5*w = -155. What is the tens digit of b?
4
Let u be 6/10 - 22/(-5). Suppose u*p - 15 = 210. What is the units digit of p?
5
Let r(l) = 61*l**2 - l. Let w be r(-1). Suppose -26 + w = u. Suppose -2*x - x + u = 0. What is the units digit of x?